{"id":51,"date":"2022-05-16T20:45:17","date_gmt":"2022-05-16T20:45:17","guid":{"rendered":"https:\/\/bboroliquido.com\/?page_id=51"},"modified":"2023-12-30T20:27:46","modified_gmt":"2023-12-30T20:27:46","slug":"em-breve","status":"publish","type":"page","link":"https:\/\/bboroliquido.com\/","title":{"rendered":"In\u00edcio"},"content":{"rendered":"\t\t<div data-elementor-type=\"wp-page\" data-elementor-id=\"51\" class=\"elementor elementor-51\" data-elementor-post-type=\"page\">\n\t\t\t\t<div class=\"elementor-element elementor-element-30e0571 e-flex e-con-boxed e-con e-parent\" data-id=\"30e0571\" data-element_type=\"container\" data-e-type=\"container\" id=\"In\u00edcio\" data-settings=\"{&quot;background_background&quot;:&quot;classic&quot;}\">\n\t\t\t\t\t<div class=\"e-con-inner\">\n\t\t<div class=\"elementor-element elementor-element-9bc98f8 e-con-full e-flex e-con e-child\" data-id=\"9bc98f8\" data-element_type=\"container\" data-e-type=\"container\" data-settings=\"{&quot;background_background&quot;:&quot;classic&quot;}\">\n\t\t\t\t<div class=\"elementor-element elementor-element-a6e875c elementor-widget elementor-widget-image\" data-id=\"a6e875c\" data-element_type=\"widget\" data-e-type=\"widget\" data-widget_type=\"image.default\">\n\t\t\t\t<div class=\"elementor-widget-container\">\n\t\t\t\t\t\t\t\t\t\t\t\t\t\t\t<img fetchpriority=\"high\" decoding=\"async\" width=\"1018\" height=\"1024\" src=\"https:\/\/bboroliquido.com\/wp-content\/uploads\/2022\/05\/LOGO-PERFIL-1018x1024.png\" class=\"attachment-large size-large wp-image-29\" alt=\"\" srcset=\"https:\/\/bboroliquido.com\/wp-content\/uploads\/2022\/05\/LOGO-PERFIL-1018x1024.png 1018w, https:\/\/bboroliquido.com\/wp-content\/uploads\/2022\/05\/LOGO-PERFIL-298x300.png 298w, https:\/\/bboroliquido.com\/wp-content\/uploads\/2022\/05\/LOGO-PERFIL-150x150.png 150w, https:\/\/bboroliquido.com\/wp-content\/uploads\/2022\/05\/LOGO-PERFIL-768x772.png 768w, https:\/\/bboroliquido.com\/wp-content\/uploads\/2022\/05\/LOGO-PERFIL-1527x1536.png 1527w, https:\/\/bboroliquido.com\/wp-content\/uploads\/2022\/05\/LOGO-PERFIL.png 1795w\" sizes=\"(max-width: 1018px) 100vw, 1018px\" \/>\t\t\t\t\t\t\t\t\t\t\t\t\t\t\t<\/div>\n\t\t\t\t<\/div>\n\t\t\t\t<div class=\"elementor-element elementor-element-9e5ac02 elementor-widget elementor-widget-heading\" data-id=\"9e5ac02\" data-element_type=\"widget\" data-e-type=\"widget\" data-widget_type=\"heading.default\">\n\t\t\t\t<div class=\"elementor-widget-container\">\n\t\t\t\t\t<h2 class=\"elementor-heading-title elementor-size-default\">Em cada gota de nosso azeite de oliva, <span style=\"color: #c6963a\">voc\u00ea encontrar\u00e1 a sabedoria dos s\u00e9culos<\/span><\/h2>\t\t\t\t<\/div>\n\t\t\t\t<\/div>\n\t\t\t\t<div class=\"elementor-element elementor-element-3183ddb elementor-widget elementor-widget-text-editor\" data-id=\"3183ddb\" data-element_type=\"widget\" data-e-type=\"widget\" data-widget_type=\"text-editor.default\">\n\t\t\t\t<div class=\"elementor-widget-container\">\n\t\t\t\t\t\t\t\t\t<p>Descubra o segredo de uma vida vibrante e ativa, onde o azeite de <strong>BBoro Liquido<\/strong> \u00e9 o elixir que desafia o envelhecimento, preservando sua beleza e energia.<\/p>\t\t\t\t\t\t\t\t<\/div>\n\t\t\t\t<\/div>\n\t\t\t\t<div class=\"elementor-element elementor-element-c239322 elementor-align-justify elementor-widget elementor-widget-button\" data-id=\"c239322\" data-element_type=\"widget\" data-e-type=\"widget\" data-widget_type=\"button.default\">\n\t\t\t\t<div class=\"elementor-widget-container\">\n\t\t\t\t\t\t\t\t\t<div class=\"elementor-button-wrapper\">\n\t\t\t\t\t<a class=\"elementor-button elementor-button-link elementor-size-sm elementor-animation-pulse\" href=\"https:\/\/api.whatsapp.com\/send?phone=34623224016\" target=\"_blank\">\n\t\t\t\t\t\t<span class=\"elementor-button-content-wrapper\">\n\t\t\t\t\t\t\t\t\t<span class=\"elementor-button-text\">QUERO TER UMA VIDA MAIS SAUD\u00c1VEL<\/span>\n\t\t\t\t\t<\/span>\n\t\t\t\t\t<\/a>\n\t\t\t\t<\/div>\n\t\t\t\t\t\t\t\t<\/div>\n\t\t\t\t<\/div>\n\t\t\t\t<div class=\"elementor-element elementor-element-e2a3b6d elementor-widget elementor-widget-image\" data-id=\"e2a3b6d\" data-element_type=\"widget\" data-e-type=\"widget\" data-widget_type=\"image.default\">\n\t\t\t\t<div class=\"elementor-widget-container\">\n\t\t\t\t\t\t\t\t\t\t\t\t\t\t\t<img decoding=\"async\" width=\"923\" height=\"354\" src=\"https:\/\/bboroliquido.com\/wp-content\/uploads\/2023\/12\/BBORO_HORIZONTAL_2.png\" class=\"attachment-large size-large wp-image-144\" alt=\"\" srcset=\"https:\/\/bboroliquido.com\/wp-content\/uploads\/2023\/12\/BBORO_HORIZONTAL_2.png 923w, https:\/\/bboroliquido.com\/wp-content\/uploads\/2023\/12\/BBORO_HORIZONTAL_2-300x115.png 300w, https:\/\/bboroliquido.com\/wp-content\/uploads\/2023\/12\/BBORO_HORIZONTAL_2-768x295.png 768w\" sizes=\"(max-width: 923px) 100vw, 923px\" \/>\t\t\t\t\t\t\t\t\t\t\t\t\t\t\t<\/div>\n\t\t\t\t<\/div>\n\t\t\t\t<\/div>\n\t\t\t\t\t<\/div>\n\t\t\t\t<\/div>\n\t\t<div class=\"elementor-element elementor-element-adab877 e-flex e-con-boxed e-con e-parent\" data-id=\"adab877\" data-element_type=\"container\" data-e-type=\"container\" data-settings=\"{&quot;background_background&quot;:&quot;classic&quot;}\">\n\t\t\t\t\t<div class=\"e-con-inner\">\n\t\t<div class=\"elementor-element elementor-element-4c24535 e-con-full e-flex e-con e-child\" data-id=\"4c24535\" data-element_type=\"container\" data-e-type=\"container\">\n\t\t\t\t<div class=\"elementor-element elementor-element-6a644f7 elementor-widget elementor-widget-image\" data-id=\"6a644f7\" data-element_type=\"widget\" data-e-type=\"widget\" data-widget_type=\"image.default\">\n\t\t\t\t<div class=\"elementor-widget-container\">\n\t\t\t\t\t\t\t\t\t\t\t\t\t\t\t<img decoding=\"async\" width=\"724\" height=\"435\" src=\"https:\/\/bboroliquido.com\/wp-content\/uploads\/2023\/12\/TEXTO_0002.png\" class=\"attachment-full size-full wp-image-174\" alt=\"\" srcset=\"https:\/\/bboroliquido.com\/wp-content\/uploads\/2023\/12\/TEXTO_0002.png 724w, https:\/\/bboroliquido.com\/wp-content\/uploads\/2023\/12\/TEXTO_0002-300x180.png 300w\" sizes=\"(max-width: 724px) 100vw, 724px\" \/>\t\t\t\t\t\t\t\t\t\t\t\t\t\t\t<\/div>\n\t\t\t\t<\/div>\n\t\t\t\t<\/div>\n\t\t<div class=\"elementor-element elementor-element-6c89af1 e-con-full e-flex e-con e-child\" data-id=\"6c89af1\" data-element_type=\"container\" data-e-type=\"container\">\n\t\t\t\t<\/div>\n\t\t\t\t\t<\/div>\n\t\t\t\t<\/div>\n\t\t<div class=\"elementor-element elementor-element-c397920 e-flex e-con-boxed e-con e-parent\" data-id=\"c397920\" data-element_type=\"container\" data-e-type=\"container\" data-settings=\"{&quot;background_background&quot;:&quot;classic&quot;}\">\n\t\t\t\t\t<div class=\"e-con-inner\">\n\t\t<div class=\"elementor-element elementor-element-6ae9772 e-con-full e-flex e-con e-child\" data-id=\"6ae9772\" data-element_type=\"container\" data-e-type=\"container\">\n\t\t\t\t<div class=\"elementor-element elementor-element-202ac33 elementor-widget elementor-widget-image\" data-id=\"202ac33\" data-element_type=\"widget\" data-e-type=\"widget\" data-widget_type=\"image.default\">\n\t\t\t\t<div class=\"elementor-widget-container\">\n\t\t\t\t\t\t\t\t\t\t\t\t\t\t\t<img loading=\"lazy\" decoding=\"async\" width=\"781\" height=\"475\" src=\"https:\/\/bboroliquido.com\/wp-content\/uploads\/2023\/12\/TEXTO_0003.png\" class=\"attachment-full size-full wp-image-175\" alt=\"\" srcset=\"https:\/\/bboroliquido.com\/wp-content\/uploads\/2023\/12\/TEXTO_0003.png 781w, https:\/\/bboroliquido.com\/wp-content\/uploads\/2023\/12\/TEXTO_0003-300x182.png 300w, https:\/\/bboroliquido.com\/wp-content\/uploads\/2023\/12\/TEXTO_0003-768x467.png 768w\" sizes=\"(max-width: 781px) 100vw, 781px\" \/>\t\t\t\t\t\t\t\t\t\t\t\t\t\t\t<\/div>\n\t\t\t\t<\/div>\n\t\t\t\t<\/div>\n\t\t<div class=\"elementor-element elementor-element-40c589d e-con-full e-flex e-con e-child\" data-id=\"40c589d\" data-element_type=\"container\" data-e-type=\"container\">\n\t\t\t\t<\/div>\n\t\t\t\t\t<\/div>\n\t\t\t\t<\/div>\n\t\t<div class=\"elementor-element elementor-element-8668a19 e-flex e-con-boxed e-con e-parent\" data-id=\"8668a19\" data-element_type=\"container\" data-e-type=\"container\" data-settings=\"{&quot;background_background&quot;:&quot;classic&quot;}\">\n\t\t\t\t\t<div class=\"e-con-inner\">\n\t\t<div class=\"elementor-element elementor-element-d0a1957 e-con-full e-flex e-con e-child\" data-id=\"d0a1957\" data-element_type=\"container\" data-e-type=\"container\">\n\t\t\t\t<div class=\"elementor-element elementor-element-a4625e3 elementor-widget elementor-widget-image\" data-id=\"a4625e3\" data-element_type=\"widget\" data-e-type=\"widget\" data-widget_type=\"image.default\">\n\t\t\t\t<div class=\"elementor-widget-container\">\n\t\t\t\t\t\t\t\t\t\t\t\t\t\t\t<img loading=\"lazy\" decoding=\"async\" width=\"851\" height=\"840\" src=\"https:\/\/bboroliquido.com\/wp-content\/uploads\/2023\/12\/TEXTO_0004-2.png\" class=\"attachment-large size-large wp-image-258\" alt=\"\" srcset=\"https:\/\/bboroliquido.com\/wp-content\/uploads\/2023\/12\/TEXTO_0004-2.png 851w, https:\/\/bboroliquido.com\/wp-content\/uploads\/2023\/12\/TEXTO_0004-2-300x296.png 300w, https:\/\/bboroliquido.com\/wp-content\/uploads\/2023\/12\/TEXTO_0004-2-768x758.png 768w\" sizes=\"(max-width: 851px) 100vw, 851px\" \/>\t\t\t\t\t\t\t\t\t\t\t\t\t\t\t<\/div>\n\t\t\t\t<\/div>\n\t\t\t\t<\/div>\n\t\t<div class=\"elementor-element elementor-element-ddbca71 e-con-full e-flex e-con e-child\" data-id=\"ddbca71\" data-element_type=\"container\" data-e-type=\"container\">\n\t\t\t\t<\/div>\n\t\t\t\t\t<\/div>\n\t\t\t\t<\/div>\n\t\t<div class=\"elementor-element elementor-element-b1ac895 e-flex e-con-boxed e-con e-parent\" data-id=\"b1ac895\" data-element_type=\"container\" data-e-type=\"container\" data-settings=\"{&quot;background_background&quot;:&quot;classic&quot;}\">\n\t\t\t\t\t<div class=\"e-con-inner\">\n\t\t<div class=\"elementor-element elementor-element-476636a e-con-full e-flex e-con e-child\" data-id=\"476636a\" data-element_type=\"container\" data-e-type=\"container\">\n\t\t\t\t<div class=\"elementor-element elementor-element-7e74b63 elementor-widget elementor-widget-image\" data-id=\"7e74b63\" data-element_type=\"widget\" data-e-type=\"widget\" data-widget_type=\"image.default\">\n\t\t\t\t<div class=\"elementor-widget-container\">\n\t\t\t\t\t\t\t\t\t\t\t\t\t\t\t<img loading=\"lazy\" decoding=\"async\" width=\"643\" height=\"519\" src=\"https:\/\/bboroliquido.com\/wp-content\/uploads\/2023\/12\/TEXTO_0006.png\" class=\"attachment-full size-full wp-image-191\" alt=\"\" srcset=\"https:\/\/bboroliquido.com\/wp-content\/uploads\/2023\/12\/TEXTO_0006.png 643w, https:\/\/bboroliquido.com\/wp-content\/uploads\/2023\/12\/TEXTO_0006-300x242.png 300w\" sizes=\"(max-width: 643px) 100vw, 643px\" \/>\t\t\t\t\t\t\t\t\t\t\t\t\t\t\t<\/div>\n\t\t\t\t<\/div>\n\t\t\t\t<\/div>\n\t\t\t\t\t<\/div>\n\t\t\t\t<\/div>\n\t\t<div class=\"elementor-element elementor-element-949dc42 e-flex e-con-boxed e-con e-parent\" data-id=\"949dc42\" data-element_type=\"container\" data-e-type=\"container\" data-settings=\"{&quot;background_background&quot;:&quot;classic&quot;}\">\n\t\t\t\t\t<div class=\"e-con-inner\">\n\t\t<div class=\"elementor-element elementor-element-5026c86 e-con-full e-flex e-con e-child\" data-id=\"5026c86\" data-element_type=\"container\" data-e-type=\"container\">\n\t\t\t\t<div class=\"elementor-element elementor-element-a1a29db elementor-widget elementor-widget-image\" data-id=\"a1a29db\" data-element_type=\"widget\" data-e-type=\"widget\" data-widget_type=\"image.default\">\n\t\t\t\t<div class=\"elementor-widget-container\">\n\t\t\t\t\t\t\t\t\t\t\t\t\t\t\t<img loading=\"lazy\" decoding=\"async\" width=\"852\" height=\"918\" src=\"https:\/\/bboroliquido.com\/wp-content\/uploads\/2023\/12\/TEXTO_0005-1.png\" class=\"attachment-full size-full wp-image-262\" alt=\"\" srcset=\"https:\/\/bboroliquido.com\/wp-content\/uploads\/2023\/12\/TEXTO_0005-1.png 852w, https:\/\/bboroliquido.com\/wp-content\/uploads\/2023\/12\/TEXTO_0005-1-278x300.png 278w, https:\/\/bboroliquido.com\/wp-content\/uploads\/2023\/12\/TEXTO_0005-1-768x827.png 768w\" sizes=\"(max-width: 852px) 100vw, 852px\" \/>\t\t\t\t\t\t\t\t\t\t\t\t\t\t\t<\/div>\n\t\t\t\t<\/div>\n\t\t\t\t<\/div>\n\t\t<div class=\"elementor-element elementor-element-34261be e-con-full e-flex e-con e-child\" data-id=\"34261be\" data-element_type=\"container\" data-e-type=\"container\">\n\t\t\t\t<\/div>\n\t\t\t\t\t<\/div>\n\t\t\t\t<\/div>\n\t\t<div class=\"elementor-element elementor-element-eddfe22 e-flex e-con-boxed e-con e-parent\" data-id=\"eddfe22\" data-element_type=\"container\" data-e-type=\"container\" data-settings=\"{&quot;background_background&quot;:&quot;classic&quot;}\">\n\t\t\t\t\t<div class=\"e-con-inner\">\n\t\t\t\t<div class=\"elementor-element elementor-element-cab622d elementor-widget elementor-widget-image\" data-id=\"cab622d\" data-element_type=\"widget\" data-e-type=\"widget\" data-widget_type=\"image.default\">\n\t\t\t\t<div class=\"elementor-widget-container\">\n\t\t\t\t\t\t\t\t\t\t\t\t\t\t\t<img loading=\"lazy\" decoding=\"async\" width=\"618\" height=\"804\" src=\"https:\/\/bboroliquido.com\/wp-content\/uploads\/2023\/12\/LOGO_PRINCIPAL.png\" class=\"attachment-full size-full wp-image-153\" alt=\"\" srcset=\"https:\/\/bboroliquido.com\/wp-content\/uploads\/2023\/12\/LOGO_PRINCIPAL.png 618w, https:\/\/bboroliquido.com\/wp-content\/uploads\/2023\/12\/LOGO_PRINCIPAL-231x300.png 231w\" sizes=\"(max-width: 618px) 100vw, 618px\" \/>\t\t\t\t\t\t\t\t\t\t\t\t\t\t\t<\/div>\n\t\t\t\t<\/div>\n\t\t\t\t<div class=\"elementor-element elementor-element-8ba9987 elementor-align-center elementor-widget elementor-widget-button\" data-id=\"8ba9987\" data-element_type=\"widget\" data-e-type=\"widget\" data-widget_type=\"button.default\">\n\t\t\t\t<div class=\"elementor-widget-container\">\n\t\t\t\t\t\t\t\t\t<div class=\"elementor-button-wrapper\">\n\t\t\t\t\t<a class=\"elementor-button elementor-button-link elementor-size-sm elementor-animation-pulse\" href=\"https:\/\/api.whatsapp.com\/send?phone=34623224016\" target=\"_blank\">\n\t\t\t\t\t\t<span class=\"elementor-button-content-wrapper\">\n\t\t\t\t\t\t\t\t\t<span class=\"elementor-button-text\">QUERO TER UMA VIDA MAIS SAUD\u00c1VEL<\/span>\n\t\t\t\t\t<\/span>\n\t\t\t\t\t<\/a>\n\t\t\t\t<\/div>\n\t\t\t\t\t\t\t\t<\/div>\n\t\t\t\t<\/div>\n\t\t\t\t<div class=\"elementor-element elementor-element-16b8a9c elementor-widget elementor-widget-heading\" data-id=\"16b8a9c\" data-element_type=\"widget\" data-e-type=\"widget\" data-widget_type=\"heading.default\">\n\t\t\t\t<div class=\"elementor-widget-container\">\n\t\t\t\t\t<h2 class=\"elementor-heading-title elementor-size-default\">Fa\u00e7a uma jornada pela sa\u00fade duradoura com azeite de oliva BB Oro L\u00edquido. <span style=\"color: #c6963a\">Cada gota \u00e9 um investimento em uma vida plena e ativa<\/span> promovendo uma vitalidade que desafia o tempo.\n<\/h2>\t\t\t\t<\/div>\n\t\t\t\t<\/div>\n\t\t\t\t<div class=\"elementor-element elementor-element-149d0d4 elementor-widget elementor-widget-text-editor\" data-id=\"149d0d4\" data-element_type=\"widget\" data-e-type=\"widget\" data-widget_type=\"text-editor.default\">\n\t\t\t\t<div class=\"elementor-widget-container\">\n\t\t\t\t\t\t\t\t\t<p class=\"elementor-heading-title elementor-size-default\" style=\"text-align: center;\">\u00a9 2024 BBoro L\u00edquido &#8211; Seu elixir da vida<\/p>\t\t\t\t\t\t\t\t<\/div>\n\t\t\t\t<\/div>\n\t\t\t\t<div class=\"elementor-element elementor-element-8bea066 elementor-view-default elementor-widget elementor-widget-icon\" data-id=\"8bea066\" data-element_type=\"widget\" data-e-type=\"widget\" data-widget_type=\"icon.default\">\n\t\t\t\t<div class=\"elementor-widget-container\">\n\t\t\t\t\t\t\t<div class=\"elementor-icon-wrapper\">\n\t\t\t<a class=\"elementor-icon\" href=\"#In\u00edcio\">\n\t\t\t<i aria-hidden=\"true\" class=\"icon icon-arrow-up-circle\"><\/i>\t\t\t<\/a>\n\t\t<\/div>\n\t\t\t\t\t\t<\/div>\n\t\t\t\t<\/div>\n\t\t\t\t<div class=\"elementor-element elementor-element-21d06c8 elementor-widget elementor-widget-heading\" data-id=\"21d06c8\" data-element_type=\"widget\" data-e-type=\"widget\" data-widget_type=\"heading.default\">\n\t\t\t\t<div class=\"elementor-widget-container\">\n\t\t\t\t\t<h2 class=\"elementor-heading-title elementor-size-default\">VOLTAR AO TOPO<\/h2>\t\t\t\t<\/div>\n\t\t\t\t<\/div>\n\t\t\t\t\t<\/div>\n\t\t\t\t<\/div>\n\t\t\t\t<\/div>\n\t\t","protected":false},"excerpt":{"rendered":"<p>Em cada gota de nosso azeite de oliva, voc\u00ea encontrar\u00e1 a sabedoria dos s\u00e9culos Descubra o segredo de uma vida vibrante e ativa, onde o azeite de BBoro Liquido \u00e9 o elixir que desafia o envelhecimento, preservando sua beleza e energia. QUERO TER UMA VIDA MAIS SAUD\u00c1VEL QUERO TER UMA VIDA MAIS SAUD\u00c1VEL Fa\u00e7a uma [&hellip;]<\/p>\n","protected":false},"author":1,"featured_media":0,"parent":0,"menu_order":0,"comment_status":"closed","ping_status":"closed","template":"elementor_canvas","meta":{"footnotes":""},"class_list":["post-51","page","type-page","status-publish","hentry"],"_links":{"self":[{"href":"https:\/\/bboroliquido.com\/index.php?rest_route=\/wp\/v2\/pages\/51","targetHints":{"allow":["GET"]}}],"collection":[{"href":"https:\/\/bboroliquido.com\/index.php?rest_route=\/wp\/v2\/pages"}],"about":[{"href":"https:\/\/bboroliquido.com\/index.php?rest_route=\/wp\/v2\/types\/page"}],"author":[{"embeddable":true,"href":"https:\/\/bboroliquido.com\/index.php?rest_route=\/wp\/v2\/users\/1"}],"replies":[{"embeddable":true,"href":"https:\/\/bboroliquido.com\/index.php?rest_route=%2Fwp%2Fv2%2Fcomments&post=51"}],"version-history":[{"count":152,"href":"https:\/\/bboroliquido.com\/index.php?rest_route=\/wp\/v2\/pages\/51\/revisions"}],"predecessor-version":[{"id":268,"href":"https:\/\/bboroliquido.com\/index.php?rest_route=\/wp\/v2\/pages\/51\/revisions\/268"}],"wp:attachment":[{"href":"https:\/\/bboroliquido.com\/index.php?rest_route=%2Fwp%2Fv2%2Fmedia&parent=51"}],"curies":[{"name":"wp","href":"https:\/\/api.w.org\/{rel}","templated":true}]}}